{"id":123,"date":"2020-01-04T01:50:20","date_gmt":"2020-01-04T00:50:20","guid":{"rendered":"https:\/\/chrislauffs.de\/?page_id=123"},"modified":"2020-01-04T02:35:35","modified_gmt":"2020-01-04T01:35:35","slug":"b-3-blues","status":"publish","type":"page","link":"https:\/\/chrislauffs.de\/?page_id=123","title":{"rendered":"B-3-Blues"},"content":{"rendered":"\n<p><em>Starte fr\u00fch am Morgen, Bodennebel noch am Stra\u00dfenrand,<br>Fahrtrichtung Norden, keine Lust auf Raserei.<br>Hab&#8217; &#8216;n weiten Weg, doch egal, ich fahr&#8217; gerne \u00fcbers Land,<br>folg&#8217; den gelben Schildern, bieg ein auf die&#8230;B3.<\/em><\/p>\n\n\n\n<p><em>Tret&#8217; aufs Gaspedal, komm&#8217; auch schnell bis 40 ganz genau,<br>der Doppeldeckerbus l\u00e4sst den 30-Tonner nicht an sich vorbei.<br>Alle gleiches Ziel, bei Freiburg beginnt der Dauerstau,<br>alles wie gew\u00f6hnlich, willkommen auf der&#8230;B3!<\/em><\/p>\n\n\n\n<p><em>Ein Tramper steht bei Frankfurt, ich frag&#8217;, wo ich ihn absetzen kann,<br>er steigt zu mir ein, sagt, &#8220;Das ist mir ziemlich einerlei,<br>du wei\u00dft doch, der Weg ist das Ziel, nur darauf kommt es an,<br>und der abgefahrnste Weg, wo du sein kannst: B3!&#8221;<\/em><\/p>\n\n\n\n<p><em>&nbsp;&nbsp;Wenn du eine Tour machst, willst mal wieder fort,<br>&nbsp;&nbsp; nimm&#8217; doch die B3, ganz egal nach welchem Ort,<br>&nbsp;&nbsp; lass dir deine Zeit, vergiss die Autobahn,<br>&nbsp;&nbsp; hier wirst du geheilt vom Geschwindigkeitswahn.<br>&nbsp;&nbsp; Durch die Metropolen und \u00fcbers flache Land,<br>&nbsp;&nbsp; ob du Turboporsche f\u00e4hrst oder lieber Trabant,<br>&nbsp;&nbsp; jeden Morgen, jeden Abend Tausende dabei,<br>&nbsp;&nbsp; Nervenkitzel pur auf der&#8230;B3!<\/em><\/p>\n\n\n\n<p><em>Kurz hinter Kassel, der Wagen gibt auf, bleibt einfach steh&#8217;n,<br>ruf&#8217; den Pannenservice, nach zwei Stunden ist mal jemand frei.<br>Krieg&#8217; die Rechnung, mir wird ganz schwarz, alles scheint sich rings zu dreh&#8217;n,<br>das ist ja Wegelagerei: ich zahle &#8220;Sonderzuschlag B3&#8243;&#8230;<\/em><\/p>\n\n\n\n<p><em>Hannover in Sicht, pl\u00f6tzlich Blaulicht, &#8220;Fahr&#8217;n Sie mal rechts ran!&#8221;<br>Ich denk&#8217;, ich komm&#8217; in eine Waffenschau der Polizei.<br>Der Wagen wird zerlegt, ganz umsonst, &#8220;Gute Fahrt, junger Mann!&#8221;<br>Ja bin ich denn im Kino? Nein, mitten auf der&#8230;B3!<\/em><\/p>\n\n\n\n<p><em>17. Baustelle, Hamburg noch weit, ich brauch&#8217; ne Rast,<br>Tank leergefahren, Augenlider schwer wie Blei.<br>Der Tankwart sagt, &#8220;Nur die Ruhe, Sie haben nichts verpasst,<br>Sie k\u00f6nn&#8217; hier jederzeit abfahr&#8217;n, doch kommt man niemals los von der B3&#8243;!<\/em><\/p>\n\n\n\n<p><em>&nbsp;&nbsp;Wenn du eine Tour machst, willst mal wieder fort,<br>&nbsp;&nbsp; nimm&#8217; doch die B3, ganz egal nach welchem Ort,<br>&nbsp;&nbsp; lass dir deine Zeit, vergiss die Autobahn,<br>&nbsp;&nbsp; hier wirst du geheilt vom Geschwindigkeitswahn.<br>&nbsp;&nbsp; Durch die Metropolen und \u00fcbers flache Land,<br>&nbsp;&nbsp; ob du Turboporsche f\u00e4hrst oder lieber Trabant,<br>&nbsp;&nbsp; jeden Morgen, jeden Abend Tausende dabei,<br>&nbsp;&nbsp; Nervenkitzel pur auf der&#8230;B3!<\/em><\/p>\n\n\n\n<p><em>Und wenn ich wieder losfahr&#8217;, ich sag&#8217; es frank und frei,<br>ihr k\u00f6nnt euch drauf verlassen, ich nehm&#8217;&#8230;<br>&#8230;A5, A67, A sonstwas, alles au\u00dfer&#8230;B3!<\/em><\/p>\n\n\n\n<figure class=\"wp-block-image size-large\"><img decoding=\"async\" loading=\"lazy\" width=\"390\" height=\"185\" src=\"https:\/\/chrislauffs.de\/wp-content\/uploads\/2020\/01\/B-3-Blues_Homepage.jpg\" alt=\"\" class=\"wp-image-124\" srcset=\"https:\/\/chrislauffs.de\/wp-content\/uploads\/2020\/01\/B-3-Blues_Homepage.jpg 390w, https:\/\/chrislauffs.de\/wp-content\/uploads\/2020\/01\/B-3-Blues_Homepage-300x142.jpg 300w\" sizes=\"(max-width: 390px) 100vw, 390px\" \/><\/figure>\n","protected":false},"excerpt":{"rendered":"<p>Starte fr\u00fch am Morgen, Bodennebel noch am Stra\u00dfenrand,Fahrtrichtung Norden, keine Lust auf Raserei.Hab&#8217; &#8216;n weiten Weg, doch egal, ich fahr&#8217; gerne \u00fcbers Land,folg&#8217; den gelben Schildern, bieg ein auf die&#8230;B3. Tret&#8217; aufs Gaspedal, komm&#8217; auch schnell bis 40 ganz genau,der Doppeldeckerbus l\u00e4sst den 30-Tonner nicht an sich vorbei.Alle gleiches Ziel, bei Freiburg beginnt der Dauerstau,alles [&hellip;]<\/p>\n","protected":false},"author":1,"featured_media":0,"parent":113,"menu_order":0,"comment_status":"closed","ping_status":"closed","template":"","meta":[],"_links":{"self":[{"href":"https:\/\/chrislauffs.de\/index.php?rest_route=\/wp\/v2\/pages\/123"}],"collection":[{"href":"https:\/\/chrislauffs.de\/index.php?rest_route=\/wp\/v2\/pages"}],"about":[{"href":"https:\/\/chrislauffs.de\/index.php?rest_route=\/wp\/v2\/types\/page"}],"author":[{"embeddable":true,"href":"https:\/\/chrislauffs.de\/index.php?rest_route=\/wp\/v2\/users\/1"}],"replies":[{"embeddable":true,"href":"https:\/\/chrislauffs.de\/index.php?rest_route=%2Fwp%2Fv2%2Fcomments&post=123"}],"version-history":[{"count":2,"href":"https:\/\/chrislauffs.de\/index.php?rest_route=\/wp\/v2\/pages\/123\/revisions"}],"predecessor-version":[{"id":179,"href":"https:\/\/chrislauffs.de\/index.php?rest_route=\/wp\/v2\/pages\/123\/revisions\/179"}],"up":[{"embeddable":true,"href":"https:\/\/chrislauffs.de\/index.php?rest_route=\/wp\/v2\/pages\/113"}],"wp:attachment":[{"href":"https:\/\/chrislauffs.de\/index.php?rest_route=%2Fwp%2Fv2%2Fmedia&parent=123"}],"curies":[{"name":"wp","href":"https:\/\/api.w.org\/{rel}","templated":true}]}}