{"id":174,"date":"2020-01-04T02:22:26","date_gmt":"2020-01-04T01:22:26","guid":{"rendered":"https:\/\/chrislauffs.de\/?page_id=174"},"modified":"2020-01-04T02:22:26","modified_gmt":"2020-01-04T01:22:26","slug":"wenn-wir-uns-sehn","status":"publish","type":"page","link":"https:\/\/chrislauffs.de\/?page_id=174","title":{"rendered":"Wenn wir uns seh&#8217;n"},"content":{"rendered":"\n<p><em>Ja ich wei\u00df, es ist schon sp\u00e4t,<br>m\u00f6chte dich nicht st\u00f6ren,<br>wollte wissen wie\u2019s dir geht,<br>deine Stimme h\u00f6ren.<br>Wenn wir uns seh\u2019n, fall\u2019n mir die richt\u2018gen Worte nicht mehr ein,<br>so setz\u2018 ich, was ich dir sagen will, in meinen Songtext ein.<\/em><\/p>\n\n\n\n<p><em>Und ich hoff\u2018, du l\u00e4chelst jetzt,<br>kann dich ja nicht sehen,<br>hab\u2018 gez\u00f6gert bis zuletzt,<br>kannst du mich verstehen?<br>Wenn wir uns seh\u2019n, fall\u2019n mir die richt\u2018gen Worte nicht mehr ein,<br>so setz\u2018 ich, was ich dir sagen will, in meinen Songtext ein.<\/em><\/p>\n\n\n\n<p><em>&nbsp;&nbsp;Es ist viertel vor eins, und ich hoffe, ich red\u2018 nicht zu viel,<br>&nbsp;&nbsp;der Mond scheint herein, ohne dich ist das Haus ziemlich leer,<br>&nbsp;&nbsp;und ich geb zu, der Rotwein ist auch mit im Spiel,<br>&nbsp;&nbsp;verlier die Kontrolle, lauf meinem Traum hinterher&#8230;<\/em><\/p>\n\n\n\n<p><em>Ist mir klar, ich krieg\u2019s nicht hin,<br>so wie im Film zu reden,<br>und ich bin nicht gut darin,<br>den Romeo zu geben.<br>Wenn wir uns seh\u2019n, fall\u2019n mir die richt\u2018gen Worte nicht mehr ein,<br>So setz\u2018 ich, was ich dir sagen will, in meinen Songtext ein.<\/em><\/p>\n\n\n\n<p><em>&nbsp;&nbsp;Es ist viertel nach eins, und ich hoffe, ich red\u2018 nicht zu viel,<br>&nbsp;&nbsp;der Mond scheint herein, ohne dich ist das Haus ziemlich leer,<br>&nbsp;&nbsp;und ich geb zu, der Rotwein ist auch mit im Spiel,<br>&nbsp;&nbsp;verlier die Kontrolle, lauf meinem Traum hinterher&#8230;<\/em><\/p>\n\n\n\n<p><em>Ja ich wei\u00df, es ist schon sp\u00e4t,<br>m\u00f6chte dich nicht st\u00f6ren,<br>wollte wissen wie\u2019s dir geht,<br>deine Stimme h\u00f6ren.<br>Vielleicht und irgendwann fall\u2019n mir die richt\u2019gen Worte ein,<br>bis dahin passt noch mancher Satz in meinen Songtext rein.<\/em><\/p>\n","protected":false},"excerpt":{"rendered":"<p>Ja ich wei\u00df, es ist schon sp\u00e4t,m\u00f6chte dich nicht st\u00f6ren,wollte wissen wie\u2019s dir geht,deine Stimme h\u00f6ren.Wenn wir uns seh\u2019n, fall\u2019n mir die richt\u2018gen Worte nicht mehr ein,so setz\u2018 ich, was ich dir sagen will, in meinen Songtext ein. Und ich hoff\u2018, du l\u00e4chelst jetzt,kann dich ja nicht sehen,hab\u2018 gez\u00f6gert bis zuletzt,kannst du mich verstehen?Wenn wir [&hellip;]<\/p>\n","protected":false},"author":1,"featured_media":0,"parent":113,"menu_order":0,"comment_status":"closed","ping_status":"closed","template":"","meta":[],"_links":{"self":[{"href":"https:\/\/chrislauffs.de\/index.php?rest_route=\/wp\/v2\/pages\/174"}],"collection":[{"href":"https:\/\/chrislauffs.de\/index.php?rest_route=\/wp\/v2\/pages"}],"about":[{"href":"https:\/\/chrislauffs.de\/index.php?rest_route=\/wp\/v2\/types\/page"}],"author":[{"embeddable":true,"href":"https:\/\/chrislauffs.de\/index.php?rest_route=\/wp\/v2\/users\/1"}],"replies":[{"embeddable":true,"href":"https:\/\/chrislauffs.de\/index.php?rest_route=%2Fwp%2Fv2%2Fcomments&post=174"}],"version-history":[{"count":1,"href":"https:\/\/chrislauffs.de\/index.php?rest_route=\/wp\/v2\/pages\/174\/revisions"}],"predecessor-version":[{"id":175,"href":"https:\/\/chrislauffs.de\/index.php?rest_route=\/wp\/v2\/pages\/174\/revisions\/175"}],"up":[{"embeddable":true,"href":"https:\/\/chrislauffs.de\/index.php?rest_route=\/wp\/v2\/pages\/113"}],"wp:attachment":[{"href":"https:\/\/chrislauffs.de\/index.php?rest_route=%2Fwp%2Fv2%2Fmedia&parent=174"}],"curies":[{"name":"wp","href":"https:\/\/api.w.org\/{rel}","templated":true}]}}